{"id":110,"date":"2026-04-07T17:56:50","date_gmt":"2026-04-07T17:56:50","guid":{"rendered":"https:\/\/assoiaba.com\/index.php\/home-2\/"},"modified":"2026-04-07T20:17:45","modified_gmt":"2026-04-07T20:17:45","slug":"home-2","status":"publish","type":"page","link":"https:\/\/assoiaba.com\/index.php\/home-2\/","title":{"rendered":"\u00c0 propos"},"content":{"rendered":"<div id=\"cs-content\" class=\"cs-content\"><div class=\"x-section e110-e1 m32-0 m32-1 m32-2\"><div class=\"x-bg\" aria-hidden=\"true\"><div class=\"x-bg-layer-lower-color\"><\/div><\/div><div class=\"x-div x-container max width e110-e2 m32-i m32-j m32-k m32-l m32-m m32-n\"><div class=\"x-row e110-e3 m32-z m32-10 m32-11 m32-12 m32-13 m32-14 m32-15 m32-1f m32-1g\"><div class=\"x-row-inner\"><div class=\"x-col e110-e4 m32-1o m32-1p m32-1q m32-1r m32-1s m32-1t\"><div class=\"x-text x-text-headline e110-e5 m32-1z m32-20 m32-21 m32-22 m32-23 m32-24\"><div class=\"x-text-content\"><div class=\"x-text-content-text\">\n<h1 class=\"x-text-content-text-primary\">\u00c0 propos<\/h1><\/div><\/div><\/div><\/div><\/div><\/div><\/div><\/div><div class=\"x-section e110-e6 m32-0 m32-3 m32-4 m32-5 m32-6\" id=\"about\"><div class=\"x-div x-container max width e110-e7 m32-i m32-j m32-k m32-m m32-n m32-o m32-p m32-q m32-r\"><div class=\"x-row x-container max width e110-e8 m32-z m32-10 m32-12 m32-16 m32-17 m32-18 m32-1h\"><div class=\"x-row-inner\"><div class=\"x-col e110-e9 m32-1q m32-1r m32-1s m32-1t m32-1u\"><span class=\"x-image e110-e10 m32-2c m32-2d m32-2e\"><img decoding=\"async\" src=\"https:\/\/assoiaba.com\/wp-content\/uploads\/2026\/03\/IABALogonoir_fondtransparent.png\" width=\"1094\" height=\"554\" alt=\"Image\" loading=\"lazy\"><\/span><\/div><div class=\"x-col e110-e11 m32-1q m32-1r m32-1s m32-1t\"><div class=\"x-text x-content e110-e12 m32-2k m32-2l m32-2m m32-2n m32-2o m32-2p m32-2q m32-b x-effect-exit\" data-x-effect=\"{&quot;scroll&quot;:true,&quot;offsetTop&quot;:&quot;10%&quot;,&quot;offsetBottom&quot;:&quot;10%&quot;,&quot;behaviorScroll&quot;:&quot;fire-once&quot;}\"><p>IAB&Aacute; est une association culturelle fond&eacute;e en 2009, d&eacute;di&eacute;e &agrave; la cr&eacute;ation artistique, &agrave; la p&eacute;dagogie et &agrave; la transmission des arts populaires, en particulier ceux du Nordeste du Br&eacute;sil.<br \/><br \/>Port&eacute;e par le parcours d&rsquo;Ana&iuml;s de Lattre-David, artiste, p&eacute;dagogue et formatrice, IAB&Aacute; con&ccedil;oit et d&eacute;veloppe des projets artistiques, culturels et &eacute;ducatifs qui interrogent les enjeux de communication, de relation &agrave; l&rsquo;autre et de construction du vivre-ensemble. L&rsquo;association place l&rsquo;art au c&oelig;ur de ses actions comme un outil de lien, de dialogue et de transformation individuelle et collective.<\/p><\/div><\/div><\/div><\/div><\/div><\/div><div class=\"x-section e110-e13 m32-0 m32-2 m32-3 m32-7\" id=\"pricing\"><div class=\"x-div x-container max width e110-e14 m32-i m32-j m32-k m32-l m32-m m32-n m32-o m32-p m32-r\"><div class=\"x-text x-text-headline e110-e15 m32-1z m32-20 m32-21 m32-25 m32-26 m32-27\"><div class=\"x-text-content\"><div class=\"x-text-content-text\">\n<h2 class=\"x-text-content-text-primary\">L'historique<\/h2><\/div><\/div><\/div><div class=\"x-text x-content e110-e16 m32-2k m32-2n m32-2o m32-2q m32-2r m32-b x-effect-exit\" data-x-effect=\"{&quot;scroll&quot;:true,&quot;offsetTop&quot;:&quot;10%&quot;,&quot;offsetBottom&quot;:&quot;10%&quot;,&quot;behaviorScroll&quot;:&quot;fire-once&quot;}\"><p>Fond\u00e9e en 2009 \u00e0 Paris, l\u2019association IAB\u00c1 a pour vocation de soutenir et d\u00e9velopper la cr\u00e9ation artistique sous toutes ses formes (musique, danse, th\u00e9\u00e2tre). Elle encourage les \u00e9changes culturels et la cr\u00e9ation de passerelles entre disciplines artistiques.<br \/>\n<br \/>\nLa p\u00e9dagogie est l\u2019un des piliers de l\u2019association IAB\u00c1. Elle traverse aussi bien les ateliers ponctuels que les cours r\u00e9guliers et les actions artistiques men\u00e9es aupr\u00e8s de publics vari\u00e9s : adultes, scolaires, conservatoires, structures culturelles ou sociales. L\u2019art est envisag\u00e9 comme un vecteur de rencontre, d\u2019\u00e9coute et de vivre-ensemble.<br \/>\n<br \/>\nIAB\u00c1 \u0153uvre \u00e0 la diffusion et \u00e0 la transmission des arts populaires du Nordeste du Br\u00e9sil \u00e0 travers des spectacles, d\u00e9ambulations carnavalesques, concerts, rencontres, stages et actions p\u00e9dagogiques, en France et \u00e0 l\u2019international.<br \/>\n<br \/>\nEntre 2010 et 2026, IAB\u00c1 organise les rencontres europ\u00e9ennes et internationales de Maracatu. C\u2019est en mobilisant les pratiques artistiques comme leviers p\u00e9dagogiques, qu\u2019IAB\u00c1 d\u00e9veloppe des accompagnements sur mesure et des ateliers en entreprise ax\u00e9s sur la m\u00e9diation corporelle et la communication orale. Ces dispositifs visent \u00e0 renforcer la coh\u00e9sion de groupe, \u00e0 d\u00e9velopper la confiance individuelle et collective, et \u00e0 favoriser le bien-\u00eatre au sein des collectifs, qu\u2019ils soient issus du monde de l\u2019entreprise, de l\u2019\u00e9ducation ou du secteur associatif.<\/p><\/div><\/div><\/div><div class=\"x-section e110-e29 m32-0 m32-3 m32-6 m32-9 m32-a\" id=\"contact\"><div class=\"x-div x-container max width e110-e30 m32-i m32-j m32-k m32-l m32-m m32-o m32-p m32-r m32-u m32-v\"><div class=\"x-text x-text-headline e110-e31 m32-1z m32-20 m32-21 m32-22 m32-23 m32-26\"><div class=\"x-text-content\"><div class=\"x-text-content-text\">\n<h2 class=\"x-text-content-text-primary\">Actualit\u00e9s<\/h2><\/div><\/div><\/div><div class=\"x-text x-content e110-e32 m32-2l m32-2m m32-2n m32-2o m32-2s m32-2t m32-b x-effect-exit\" data-x-effect=\"{&quot;scroll&quot;:true,&quot;offsetTop&quot;:&quot;10%&quot;,&quot;offsetBottom&quot;:&quot;10%&quot;,&quot;behaviorScroll&quot;:&quot;fire-once&quot;}\">Depuis 2010, IAB\u00c1 organise \u00e9galement des rencontres europ\u00e9ennes et internationales de Maracatu, rassemblant artistes, percussionnistes et danseur\u00b7ses du monde entier.<\/div><div class=\"x-row e110-e33 m32-z m32-12 m32-17 m32-1a m32-1b m32-1c m32-1j\"><div class=\"x-row-inner\"><a class=\"x-col e110-e34 m32-1o m32-1q m32-1t m32-1v m32-1w m32-1x m32-d m32-e m32-g\" href=\"https:\/\/assoiaba.com\/index.php\/2026\/04\/07\/projets-heritages-croises\/\" data-x-effect-provider=\"colors effects particles\" data-x-effect=\"{&quot;durationBase&quot;:&quot;300ms&quot;}\"><div class=\"x-div e110-e35 m32-i m32-k m32-l m32-m m32-v m32-w m32-x\"><span class=\"x-image e110-e36 m32-2c m32-2f m32-2g m32-2h m32-2i m32-e m32-h\" data-x-effect=\"{&quot;durationBase&quot;:&quot;300ms&quot;}\"><img decoding=\"async\" src=\"https:\/\/assoiaba.com\/wp-content\/uploads\/2026\/04\/Capture-decran_7-4-2026_195411_mail.google.com_.jpeg\" width=\"359\" height=\"228\" alt=\"Featured image for \u201cH\u00e9ritages crois\u00e9s\u201d\" loading=\"lazy\"><\/span><\/div><div class=\"x-div e110-e37 m32-k m32-l m32-m m32-o m32-w m32-y\"><div class=\"x-text x-text-headline e110-e38 m32-21 m32-26 m32-27 m32-29 m32-2a\"><div class=\"x-text-content\"><div class=\"x-text-content-text\">\n<h3 class=\"x-text-content-text-primary\">H\u00e9ritages crois\u00e9s<\/h3><\/div><\/div><\/div><span class=\"x-anchor x-anchor-button has-graphic has-particle e110-e39 m32-2x m32-2y m32-e\" tabindex=\"0\" data-x-effect=\"{&quot;durationBase&quot;:&quot;300ms&quot;}\"><span class=\"x-particle is-primary\" data-x-particle=\"scale-x inside-b_l\" aria-hidden=\"true\"><span style=\"\"><\/span><\/span><div class=\"x-anchor-content\"><span class=\"x-graphic\" aria-hidden=\"true\"><i class=\"x-icon x-graphic-child x-graphic-icon x-graphic-primary\" aria-hidden=\"true\" data-x-icon-o=\"&#xf105;\"><\/i><i class=\"x-icon x-graphic-child x-graphic-icon x-graphic-secondary\" aria-hidden=\"true\" data-x-icon-o=\"&#xf105;\"><\/i><\/span><div class=\"x-anchor-text\"><span class=\"x-anchor-text-primary\">En savoir plus<\/span><\/div><\/div><\/span><\/div><\/a><a class=\"x-col e110-e34 m32-1o m32-1q m32-1t m32-1v m32-1w m32-1x m32-d m32-e m32-g\" href=\"https:\/\/assoiaba.com\/index.php\/2026\/04\/07\/alterites-en-dialogue\/\" data-x-effect-provider=\"colors effects particles\" data-x-effect=\"{&quot;durationBase&quot;:&quot;300ms&quot;}\"><div class=\"x-div e110-e35 m32-i m32-k m32-l m32-m m32-v m32-w m32-x\"><span class=\"x-image e110-e36 m32-2c m32-2f m32-2g m32-2h m32-2i m32-e m32-h\" data-x-effect=\"{&quot;durationBase&quot;:&quot;300ms&quot;}\"><img decoding=\"async\" src=\"https:\/\/assoiaba.com\/wp-content\/uploads\/2026\/04\/468641656_10161965860728430_8002025964551399782_n.jpg\" width=\"384\" height=\"384\" alt=\"Featured image for \u201cAlt\u00e9rit\u00e9s en dialogue\u201d\" loading=\"lazy\"><\/span><\/div><div class=\"x-div e110-e37 m32-k m32-l m32-m m32-o m32-w m32-y\"><div class=\"x-text x-text-headline e110-e38 m32-21 m32-26 m32-27 m32-29 m32-2a\"><div class=\"x-text-content\"><div class=\"x-text-content-text\">\n<h3 class=\"x-text-content-text-primary\">Alt\u00e9rit\u00e9s en dialogue<\/h3><\/div><\/div><\/div><span class=\"x-anchor x-anchor-button has-graphic has-particle e110-e39 m32-2x m32-2y m32-e\" tabindex=\"0\" data-x-effect=\"{&quot;durationBase&quot;:&quot;300ms&quot;}\"><span class=\"x-particle is-primary\" data-x-particle=\"scale-x inside-b_l\" aria-hidden=\"true\"><span style=\"\"><\/span><\/span><div class=\"x-anchor-content\"><span class=\"x-graphic\" aria-hidden=\"true\"><i class=\"x-icon x-graphic-child x-graphic-icon x-graphic-primary\" aria-hidden=\"true\" data-x-icon-o=\"&#xf105;\"><\/i><i class=\"x-icon x-graphic-child x-graphic-icon x-graphic-secondary\" aria-hidden=\"true\" data-x-icon-o=\"&#xf105;\"><\/i><\/span><div class=\"x-anchor-text\"><span class=\"x-anchor-text-primary\">En savoir plus<\/span><\/div><\/div><\/span><\/div><\/a><a class=\"x-col e110-e34 m32-1o m32-1q m32-1t m32-1v m32-1w m32-1x m32-d m32-e m32-g\" href=\"https:\/\/assoiaba.com\/index.php\/2026\/03\/16\/les-calungas-carnaval-des-mondes\/\" data-x-effect-provider=\"colors effects particles\" data-x-effect=\"{&quot;durationBase&quot;:&quot;300ms&quot;}\"><div class=\"x-div e110-e35 m32-i m32-k m32-l m32-m m32-v m32-w m32-x\"><span class=\"x-image e110-e36 m32-2c m32-2f m32-2g m32-2h m32-2i m32-e m32-h\" data-x-effect=\"{&quot;durationBase&quot;:&quot;300ms&quot;}\"><img decoding=\"async\" src=\"https:\/\/assoiaba.com\/wp-content\/uploads\/2026\/03\/C.Chaumanet-061-scaled.jpg\" width=\"1280\" height=\"853\" alt=\"Featured image for \u201cLes Calungas\u00a0\u201d\" loading=\"lazy\"><\/span><\/div><div class=\"x-div e110-e37 m32-k m32-l m32-m m32-o m32-w m32-y\"><div class=\"x-text x-text-headline e110-e38 m32-21 m32-26 m32-27 m32-29 m32-2a\"><div class=\"x-text-content\"><div class=\"x-text-content-text\">\n<h3 class=\"x-text-content-text-primary\">Les Calungas\u00a0<\/h3><\/div><\/div><\/div><span class=\"x-anchor x-anchor-button has-graphic has-particle e110-e39 m32-2x m32-2y m32-e\" tabindex=\"0\" data-x-effect=\"{&quot;durationBase&quot;:&quot;300ms&quot;}\"><span class=\"x-particle is-primary\" data-x-particle=\"scale-x inside-b_l\" aria-hidden=\"true\"><span style=\"\"><\/span><\/span><div class=\"x-anchor-content\"><span class=\"x-graphic\" aria-hidden=\"true\"><i class=\"x-icon x-graphic-child x-graphic-icon x-graphic-primary\" aria-hidden=\"true\" data-x-icon-o=\"&#xf105;\"><\/i><i class=\"x-icon x-graphic-child x-graphic-icon x-graphic-secondary\" aria-hidden=\"true\" data-x-icon-o=\"&#xf105;\"><\/i><\/span><div class=\"x-anchor-text\"><span class=\"x-anchor-text-primary\">En savoir plus<\/span><\/div><\/div><\/span><\/div><\/a><\/div><\/div><\/div><\/div><\/div>","protected":false},"excerpt":{"rendered":"<p>\u00c0 proposIAB&Aacute; est une association culturelle fond&eacute;e en 2009, d&eacute;di&eacute;e &agrave; la cr&eacute;ation artistique, &agrave; la p&eacute;dagogie et &agrave; la transmission des arts populaires, en particulier ceux du Nordeste du Br&eacute;sil.Port&eacute;e par le parcours d&rsquo;Ana&iuml;s de Lattre-David, artiste, p&eacute;dagogue et formatrice, IAB&Aacute; con&ccedil;oit et d&eacute;veloppe des projets artistiques, culturels et &eacute;ducatifs qui interrogent les enjeux de communication, de relation &agrave;\u2026<\/p>\n","protected":false},"author":1,"featured_media":0,"parent":0,"menu_order":0,"comment_status":"closed","ping_status":"closed","template":"","meta":{"footnotes":""},"class_list":["post-110","page","type-page","status-publish","hentry","no-post-thumbnail"],"_links":{"self":[{"href":"https:\/\/assoiaba.com\/index.php\/wp-json\/wp\/v2\/pages\/110","targetHints":{"allow":["GET"]}}],"collection":[{"href":"https:\/\/assoiaba.com\/index.php\/wp-json\/wp\/v2\/pages"}],"about":[{"href":"https:\/\/assoiaba.com\/index.php\/wp-json\/wp\/v2\/types\/page"}],"author":[{"embeddable":true,"href":"https:\/\/assoiaba.com\/index.php\/wp-json\/wp\/v2\/users\/1"}],"replies":[{"embeddable":true,"href":"https:\/\/assoiaba.com\/index.php\/wp-json\/wp\/v2\/comments?post=110"}],"version-history":[{"count":4,"href":"https:\/\/assoiaba.com\/index.php\/wp-json\/wp\/v2\/pages\/110\/revisions"}],"predecessor-version":[{"id":139,"href":"https:\/\/assoiaba.com\/index.php\/wp-json\/wp\/v2\/pages\/110\/revisions\/139"}],"wp:attachment":[{"href":"https:\/\/assoiaba.com\/index.php\/wp-json\/wp\/v2\/media?parent=110"}],"curies":[{"name":"wp","href":"https:\/\/api.w.org\/{rel}","templated":true}]}}